 2. Is c(a) composite?
False
Let f = 4168 - 12416. Is (-2)/10 - f/40 a composite number?
True
Let l(k) = 461*k**2 - 21*k + 101. Is l(4) a prime number?
True
Let z be 1/((-68)/(-16) - 4). Suppose 715 = -z*g + 9*g. Is g a prime number?
False
Let c(n) = -14*n - 13. Let w be c(-9). Let u = w - -1593. Is u a composite number?
True
Let q(i) = 8*i - 6. Let h be -1*3/(-3)*2. Let m = 6 - h. Is q(m) composite?
True
Let a(n) = n**2 + 6*n + 9. Let o be a(-7). Suppose o*u + 10 = 18*u. Suppose -794 + 249 = -u*s. Is s composite?
False
Let w = -6139 - -9586. Suppose -3*m = -0*m - w. Is m a prime number?
False
Let g = 32099 + -8732. Is g prime?
False
Suppose 0 = -2*t + 5*p - 15, 0 = -4*t + 4*p + 1 - 13. Suppose t = 4*k + k - 230. Suppose -j - j - i + k = 0, 2*j + 2*i - 48 = 0. Is j prime?
False
Let y(m) = 11703*m. Let c(v) = -77*v. Let f(j) = -913*c(j) - 6*y(j). Let d be f(2). Suppose n = 5*n - 2*g - 344, 2*g = -2*n + d. Is n prime?
False
Let d be 21929/7 - (-22)/77. Suppose 5*a - d = -3*z, 0 = 5*a - 6*z + 3*z - 3157. Is a composite?
True
Let n be (-75)/7 + 2/(-7). Is (42 - -4)/((-1)/(n/2)) prime?
False
Suppose -8613 = -7*u + 12968. Is u a composite number?
False
Is (-24)/(-56) - 57770/(-35) prime?
False
Let t = -29 + 57. Is (-404)/(-7) + t/98 a prime number?
False
Suppose -l = 4*v + 2*l - 8, -2*v + 2*l = 10. Is (-2 - (v - -108))*-1 a composite number?
False
Suppose 0 = -9*w + 18167 + 41710. Is w a prime number?
True
Let q(r) be the second derivative of -505*r**3/3 - 7*r**2/2 - 20*r. Is q(-1) a prime number?
False
Suppose 12 = -2*t - t. Let v be (t/(-1))/4*208. Let z = -69 + v. Is z a composite number?
False
Suppose 5*l - 74761 = 2*c, -4*c + 59808 = 4*l - 6*c. Is l a prime number?
False
Suppose -4*a + 377 + 5047 = 0. Suppose f = -3*f + a. Is f prime?
False
Let v = 3705 - 36. Is v prime?
False
Suppose -t = -2*r + 566, 2*r - 2*t - 6 = 562. Let d = r - -121. Is d prime?
False
Let l = 27 - 14. Let r be l/5 - (-12)/(-20). Is 185 + r + 0/(-1) a composite number?
True
Suppose 5*u = 4*u + 1906. Is u prime?
False
Suppose 4*s - 9295 = -s. Let d = 4230 - s. Is d prime?
True
Is 3/2 + (-40821)/(-6) composite?
True
Let l(d) = -3*d - 11. Let h be l(-6). Let a = h + -19. Is ((-4)/a)/((-2)/(-2874)) a composite number?
False
Let s = 23 - 25. Let w(l) = l + 4. Let z be w(s). Suppose -4*n = -z*n - 118. Is n a prime number?
True
Suppose 3358 = 3*y + 4*o - 4625, -2*o + 10634 = 4*y. Is y a prime number?
True
Is (5/(-10))/(5*9/(-17045550)) a prime number?
False
Let a = -49 - -46. Let q(v) = 175*v**2 + 5*v + 7. Is q(a) prime?
True
Suppose -2*p - 413 = -3*p + 2*d, -5*d - 413 = -p. Is p prime?
False
Suppose 9*t - 4*t = -4*x + 939, 2*x - 474 = 2*t. Let z = x + 731. Is z prime?
True
Let y(k) = -k**3 + 9*k**2 + 10*k + 3. Let i be y(10). Let a be (-6)/4*8/i. Is a/8 + (-399)/(-2) prime?
True
Let f(r) = -r**3 + 7*r**2 - 6*r + 5. Let b be f(6). Suppose 2*s + 450 = b*w - w, 3*w - 360 = -3*s. Is w a composite number?
True
Let l(o) = 650*o + 43. Is l(6) prime?
True
Suppose 3*r - 9377 = 4177. Suppose -r = b - 7*b. Is b composite?
True
Suppose 54*v - 30004 = 50*v. Is v prime?
False
Suppose 4*v - 888 = 1276. Is v a composite number?
False
Let q = 31662 + -13609. Is q composite?
True
Let d(p) = p**3 - 12*p**2 + 10*p + 19. Let h be d(11). Suppose -2*c = -4*z - 12298, 3*c + h*z - 18425 = 3*z. Is c composite?
True
Is (-85)/(-51) - 38804/(-6) composite?
False
Let a(i) = -i**3 - 9*i**2 - 12*i + 5. Let q = 48 - 59. Is a(q) a prime number?
True
Let g(n) = 14*n**2 - 41*n + 13. Let x be g(9). Let m = x - 299. Is m a prime number?
True
Let f = 9 + 12. Let y(t) = -9 + 33*t + 11 - f*t + 31*t. Is y(3) a prime number?
True
Let s(k) = -70*k**3 - 5*k**2 + 5*k + 11. Is s(-4) a prime number?
True
Suppose -4*m + m - 60 = 0. Let t be 10*(48/m + 3). Is 4072/6 + 2/t prime?
False
Suppose -3*m = -3*p - m - 48, 2*p - 4*m + 32 = 0. Let g = 18 + p. Suppose -y - 4*w + 69 = 0, 3*y + g*w - 239 = 6*w. Is y prime?
False
Let b = 8 + -6. Suppose 0*u + 3*u = 2*q + 26, b*q = -2. Is (-4078)/(-26) + u/52 prime?
True
Let d be (69/(-92))/((-1)/4 - 0). Suppose 0 = 3*i - 9 - 0. Suppose 0 = -w + d + i. Is w a composite number?
True
Let b(y) = 2*y + 5. Let w be b(6). Let o = w - -240. Is o a prime number?
True
Let r(a) = 2438*a**3 - 5*a + 4. Suppose 2 = x - 2*y - 3, 0 = y + 2. Is r(x) a prime number?
True
Suppose -v - 16 = -3*v. Suppose -254*i - 88 = -262*i. Suppose -5 = -v*d + i. Is d a prime number?
True
Suppose -228*j + 230*j - 56230 = 0. Is j prime?
False
Suppose -203*h = -159*h - 1020316. Is h prime?
True
Let d(a) = -a + 7. Let m be d(11). Suppose 2*n = -3*l - 22, -3*n - 35 = 3*l + 2*l. Is m + 2/(l/(-38)) prime?
False
Suppose 6*s - 2*s = 5*b - 1781, -s + 358 = b. Let k = 534 - b. Is k prime?
False
Suppose -a - a + 4*h = -52302, 0 = 3*a + 2*h - 78421. Is a composite?
True
Suppose -3*p = 4*l + p + 14264, -l - 5*p = 3558. Let q = -1365 - l. Is q prime?
True
Let s(d) = 12 + 1 + 0*d + d**2 + 7*d. Let t be s(-9). Suppose -3*a = -2*a - t. Is a prime?
True
Let w(z) = 6*z - 66. Let a be w(24). Suppose -2994 = -a*f + 72*f. Is f composite?
False
Suppose 0 = 4*l - 8 - 8, s - l - 3 = 0. Suppose s*r - 4452 = -0*r. Suppose r = -5*a + 2206. Is a a composite number?
True
Suppose -60 = -3*t - 2*t. Let r = 15 - t. Suppose -x + 5*n = -76, r*x - 127 = -n + 149. Is x composite?
True
Let c be (7 - 8)*-1*1 + -454. Let d = c + 2108. Is d composite?
True
Suppose 0 = 7*v - 3*v - 8. Let o = -7 + v. Is (-434)/(-5) + (-1)/o a prime number?
False
Suppose 2883 = 5*v + 873. Suppose -613 = -5*k + v. Is k a composite number?
True
Let m be 51/(-12) - 2/(-8). Let q(o) = -3 + 20*o**2 + 5*o + 4 - 2 + 23*o**2. Is q(m) composite?
True
Suppose -1194 = 2*g - 214. Let v = 1529 - g. Is v a prime number?
False
Suppose -6*k - 5 - 1 = 0. Let g(r) = -514*r + 2. Let p be g(k). Suppose 2*c + p = 4*m + 4*c, -c + 512 = 4*m. Is m composite?
False
Suppose 2*s + 5*h = -442 + 1341, -439 = -s + h. Suppose -i + s = -5*m, 0*m + 4*i + 80 = -m. Is -1 + 3 + (-7 - m) a composite number?
False
Let v = 13253 + -2653. Let a = v - 6227. Is a prime?
True
Let h(m) = 5*m**2 + 24*m + 29. Is h(14) composite?
True
Is -10 + (-93)/(-9) - (-224858)/3 composite?
True
Let p = -23756 - -47155. Is p prime?
True
Let q(n) = -28*n**3 + 3*n**2 - 2*n - 1. Let r be q(2). Let x = -155 - r. Is x a prime number?
False
Suppose -3*t - 3 = -4*t. Suppose 5*p - 4*f + 509 = 4687, -3*f = -t*p + 2505. Is p a prime number?
False
Suppose -t + 3*h + 33 = 3*t, -4*t + 5*h = -39. Suppose t = -2*a + 670. Suppose 0 = 2*s - 0*s + 3*q - 166, -a = -4*s + q. Is s prime?
True
Suppose 0 = 7*b + 437 - 2362. Suppose 0 = -4*p + b + 473. Is p prime?
False
Let c be (2125/2 + 3)*-6. Let w = c - -9628. Is w prime?
False
Let f = 24496 + -14423. Is f a prime number?
False
Is 11552 + ((-110)/715 - (-37)/(-13)) prime?
True
Let u = 20 + -17. Let j be 45/u - (-3 + -1). Suppose j = 3*f - 59. Is f a composite number?
True
Let j(k) = -18*k + 1. Suppose 5*m + 11 + 13 = -3*l, 3*l + 24 = -3*m. Is j(l) a prime number?
False
Let x(n) = 1162*n - 729. Is x(40) a prime number?
True
Let f = -5117 + 7297. Suppose g = 5*g - 4*k - f, 0 = 2*g + 5*k - 1062. Is g a prime number?
True
Let i(j) = -37*j + 19. Let t(q) = -37*q + 18. Let g(m) = -3*i(m) + 4*t(m). Is g(-4) a prime number?
True
Is (-291542)/(-26) + 8/312*-6 a prime number?
True
Suppose 3*b - 198 = 2*b. Let s = b - 86. Let h = s - 47. Is h composite?
True
Let w = 84 - 108. Is 2*1941*(-4)/w a prime number?
True
Suppose 0 = -27*o + 30*o + 9, -4*o = 4*z - 1312. Is z composite?
False
Is (14044/(-10))/(4/(-10)) composite?
False
Is 124/(-310) - (-30567)/5 a prime number?
True
Let t = 22688 + -8846. Is (2/3)/(12/t) a prime number?
True
Let z = -311 - -2238. Is z composite?
True
Let x be (-1)/((-2)/(-38)) + (-3 - -5). Is (x + 16)*(-645 - (-4)/(-2)) a composite number?
False
Let m(z) = 2*z**2 - 5*z + 16. Let w be m(6). Let t = w - -1. Is t prime?
True
Let p(m) = 8*m**2 - 2*m - 11. Let f be p(20). Suppose 3*o = -s + f, 8*s - 3*s + 1039 = o. Is o prime?
True
Let z = -130 - -125. Is 0 - (z - 155 - (2 + -1)) a composite number?
True
Let u be ((-3285)/60)/((-9)/(-12)). Let l be (-296)/(-2*1/5). Let z = u + l. Is z prime?
False
Let t(p) = -p**3 + p**2 + 4*p - 3. Let u = 9 - 10. Let q = u + -4. Is t(q) composite?
False
Let b(d) = 2